{"id":77,"date":"2016-11-28T14:44:12","date_gmt":"2016-11-28T13:44:12","guid":{"rendered":"http:\/\/herr-diebold.de\/wordpress\/?page_id=77"},"modified":"2016-12-10T14:48:05","modified_gmt":"2016-12-10T13:48:05","slug":"alfred","status":"publish","type":"page","link":"https:\/\/herr-diebold.de\/index.php\/alfred\/","title":{"rendered":"Alfred"},"content":{"rendered":"<p><img loading=\"lazy\" decoding=\"async\" class=\"alignnone wp-image-119 size-medium\" src=\"https:\/\/herr-diebold.de\/wp-content\/uploads\/2016\/11\/Alfred_02-200x300.jpg\" alt=\"alfred_02\" width=\"200\" height=\"300\" srcset=\"https:\/\/herr-diebold.de\/wp-content\/uploads\/2016\/11\/Alfred_02-200x300.jpg 200w, https:\/\/herr-diebold.de\/wp-content\/uploads\/2016\/11\/Alfred_02-230x344.jpg 230w, https:\/\/herr-diebold.de\/wp-content\/uploads\/2016\/11\/Alfred_02-350x524.jpg 350w, https:\/\/herr-diebold.de\/wp-content\/uploads\/2016\/11\/Alfred_02-480x719.jpg 480w, https:\/\/herr-diebold.de\/wp-content\/uploads\/2016\/11\/Alfred_02.jpg 641w\" sizes=\"(max-width: 200px) 100vw, 200px\" \/><\/p>\n<p>&nbsp;<\/p>\n<p>Don Alfredo Krauss ist waschechter Oalamer. Mit der heimatlichen Scholle verbunden, f\u00fchrt er seine Gesch\u00e4fte und lebt mit seiner Familie in der ehemaligen freien Reichsstadt, in direkter kirchlicher Nachbarschaft.<\/p>\n<p>\u00dcber sich und sein Privatleben l\u00e4sst er nicht so viel raus. Wenn er was rausl\u00e4sst, so sind das sehr groovige, rhythmische und tiefe T\u00f6ne am Bass. Er ist f\u00fcr den funkigen Jazz im schw\u00e4bischen Unsinn verantwortlich, denn das ist seine musikalische Herkunft.<\/p>\n<p>Er reist gern und viel, und je nachdem wo er gerade war, schl\u00fcpft er mal in die Rolle von Don Alfredo oder gibt den\u00a0 Al Faryd. F\u00fcr uns aber immer Mr. Bassman!<\/p>\n<p>Wenn es ihm seine Zeit erlaubt, f\u00e4hrt er schnelle Autos und Motorr\u00e4der. Dass er gern brettert, beweist er sommers in den Wellen und winters im Schnee. Und die dritte Sorte Bretter, auf denen er gern steht, sind die B\u00fchnenbretter mit den Kollegen vom schw\u00e4bischa Osenn.<\/p>\n<p>&nbsp;<\/p>\n<p><a href=\"https:\/\/www.facebook.com\/Herr-Diebold-und-Kollegen-124668937554159\/?fref=ts\" target=\"_blank\"><img loading=\"lazy\" decoding=\"async\" class=\"alignnone size-full wp-image-747\" src=\"https:\/\/herr-diebold.de\/wp-content\/uploads\/2016\/12\/FB-FindUsonFacebook-online-114.png\" alt=\"\" width=\"114\" height=\"21\" \/><\/a><\/p>\n","protected":false},"excerpt":{"rendered":"<p>&nbsp; Don Alfredo Krauss ist waschechter Oalamer. Mit der heimatlichen Scholle verbunden, f\u00fchrt er seine Gesch\u00e4fte und lebt mit seiner Familie in [&hellip;]<\/p>\n","protected":false},"author":1,"featured_media":0,"parent":0,"menu_order":0,"comment_status":"closed","ping_status":"closed","template":"","meta":{"footnotes":""},"class_list":["post-77","page","type-page","status-publish","hentry"],"_links":{"self":[{"href":"https:\/\/herr-diebold.de\/index.php\/wp-json\/wp\/v2\/pages\/77"}],"collection":[{"href":"https:\/\/herr-diebold.de\/index.php\/wp-json\/wp\/v2\/pages"}],"about":[{"href":"https:\/\/herr-diebold.de\/index.php\/wp-json\/wp\/v2\/types\/page"}],"author":[{"embeddable":true,"href":"https:\/\/herr-diebold.de\/index.php\/wp-json\/wp\/v2\/users\/1"}],"replies":[{"embeddable":true,"href":"https:\/\/herr-diebold.de\/index.php\/wp-json\/wp\/v2\/comments?post=77"}],"version-history":[{"count":8,"href":"https:\/\/herr-diebold.de\/index.php\/wp-json\/wp\/v2\/pages\/77\/revisions"}],"predecessor-version":[{"id":776,"href":"https:\/\/herr-diebold.de\/index.php\/wp-json\/wp\/v2\/pages\/77\/revisions\/776"}],"wp:attachment":[{"href":"https:\/\/herr-diebold.de\/index.php\/wp-json\/wp\/v2\/media?parent=77"}],"curies":[{"name":"wp","href":"https:\/\/api.w.org\/{rel}","templated":true}]}}